 and h?
10
Let v(f) = -f**3 - f**2 + 6*f + 11. Let k be v(-4). Let p = k - 34. Suppose m + p = 3. Calculate the highest common factor of 6 and m.
2
Let b be (0 + -1)/(-1) + 2. Suppose h = b*h. Let z(u) = u + 18. Let y be z(h). Calculate the highest common factor of 90 and y.
18
Suppose y + p = -2*p + 49, 4*y = -4*p + 156. Let l(t) = 6*t**2 + 2*t + 2. Let s be l(-2). Let b = y - s. Calculate the highest common factor of b and 6.
6
Let c(f) = -f - 4. Let n be c(-4). Let p(d) = d**3 + d**2 + d + 6. Let z be p(n). Let s be 0 + 6*9/z. What is the highest common factor of s and 36?
9
Suppose 4*h + 10 = 18. Suppose a + 0 = 3*k + 1, -4*k + 1 = -a. Let c = a - h. Calculate the greatest common factor of 2 and c.
1
Let h = 95 - -92. What is the highest common divisor of h and 17?
17
Let n(x) = 86*x - 8. Let v be n(2). Calculate the highest common divisor of v and 123.
41
Let l(b) be the second derivative of -49*b**5/10 + b. Let w be l(-1). Let q = -39 + 53. What is the highest common factor of q and w?
14
Let k = 292 - 269. Suppose -o - 2*n = -6*o + 107, 0 = 4*o - 2*n - 84. What is the greatest common factor of o and k?
23
Suppose -75*l + 127*l - 2340 = 0. Calculate the greatest common divisor of 345 and l.
15
Let j be (-9 - -7) + 28/(-2). Let y be (-12)/(-3) + (-2 - j). What is the highest common divisor of 2 and y?
2
Suppose 45 = s - v - 40, -10*v = 3*s - 320. Calculate the greatest common factor of s and 396.
18
Let w = -14 + 17. Suppose 5*t = -d + 363, -74 = -w*t + 3*d + 133. Calculate the greatest common factor of 24 and t.
24
Let f be 1134/8 + (-108)/(-48). What is the highest common factor of f and 18?
18
Let a(t) = 34*t - 24. Suppose 5*y + 24 = 9*y. Let h be a(y). Calculate the highest common divisor of h and 20.
20
Let y(s) = s**2 - 21*s - 21. Let u be y(-1). Let b be 1/(2*(-1)/(-22)). What is the greatest common factor of u and b?
1
Let p = 71 - 45. Suppose 2*l = -4*l + 228. Let r = l + 170. Calculate the greatest common divisor of p and r.
26
Suppose -a + 3*g + 59 = g, 5*a - 5*g = 305. What is the highest common factor of a and 18?
9
Let m be (954/(-27) + 2)*(-228)/16. What is the greatest common divisor of 25 and m?
25
Suppose 0 = -8*f + 14603 + 1621. What is the highest common divisor of f and 39?
39
Suppose 6 = 3*d, d - 2*d = 3*x - 407. Calculate the greatest common factor of x and 40.
5
Let w(k) = -k + 3. Let u be w(9). Let h be (-1*51)/(u/4). Let x be 12/(-16)*-6*h. What is the greatest common factor of 17 and x?
17
Suppose 2*t = -k - 124 + 121, 0 = -3*k - 4*t + 1. Let w = -1 + 8. What is the greatest common divisor of w and k?
7
Let n be (-20)/30 + (-26)/(-3). Suppose -4*i + 2*y + 4 = 0, -2*y + 6*y = n. Suppose -5*w + 332 - i = 0. Calculate the highest common factor of 6 and w.
6
Let h = -862 + 976. What is the greatest common factor of 6 and h?
6
Let j(r) = 12*r**2 - 6*r + 15. Let y be j(2). Calculate the greatest common factor of y and 68.
17
Suppose 2 = 2*p - 0*p. Suppose 0 = -n - p + 13. Suppose -24 = 2*d - 72. What is the greatest common factor of n and d?
12
Let t(h) = 7*h**2 - 10*h + 1. Let i be t(7). Let c = i + -139. What is the highest common factor of 15 and c?
15
Let s(k) = -9*k + 29. Let c be s(3). Let p(w) = w - 2. Let m be p(3). What is the highest common divisor of c and m?
1
Let o = -145 - -215. Let r be (-2 - (-14)/6)*-6. Let f be ((-36)/42)/(r/o). What is the greatest common divisor of 75 and f?
15
Suppose 0 = 5*d - d + 200. Let f = 82 + d. Suppose -4*k + w = 9 - 155, -k + f = 2*w. Calculate the greatest common divisor of 12 and k.
12
Let l be -38*1/(-1)*70/28. What is the highest common divisor of 19 and l?
19
Let g = -27 + 61. Suppose l - 5*l - 3*v = -40, 0 = 2*l - 2*v - g. What is the highest common factor of 13 and l?
13
Suppose -1318 = -n - 772. Calculate the greatest common factor of 390 and n.
78
Let a be 327/6*2*2. Suppose s = -2*u - a, -5*u = -u + 4*s + 428. Let q be u/(-4) + 3/12. What is the greatest common divisor of 224 and q?
28
Let k = 19 - 87. Let c be k/(-18) - (-16)/72. Let m(v) = -v**3 + 7*v**2 - 9*v + 3. Let g be m(c). Calculate the highest common divisor of 3 and g.
3
Let b(k) = 3*k**2 + 22*k + 41. Let s be b(-6). Let c be (-2 - -6)/(2/34). Calculate the greatest common divisor of c and s.
17
Let o be 16*((-17)/(-119) + (-25)/28). Let s(t) = t**3 + 10*t**2 - 24*t + 3. Let b be s(o). Calculate the greatest common divisor of 5 and b.
1
Let f(w) = -17*w - 66. Let o be f(-6). What is the highest common factor of o and 132?
12
Let s(u) = 25*u. Let v be s(2). Suppose 0 = t + 4 - v. Let a = t + 34. Calculate the greatest common factor of 32 and a.
16
Let k be 1 + -1*(0 + -2). Suppose -3*m = -3 - k. Suppose 5*o = -3*t + o + 160, 5*o = -m*t + 95. What is the greatest common divisor of 15 and t?
15
Let l(y) be the third derivative of y**5/5 + y**4/8 - y**3/2 + 22*y**2. Let u be l(-2). Calculate the highest common divisor of u and 273.
39
Suppose -1425 = -61*h + 6139. Calculate the highest common divisor of h and 93.
31
Let r(z) = -z**3 + 14*z**2 + 2*z - 28. Let h be r(14). Suppose 4*o - 57 - 775 = h. Calculate the greatest common divisor of 26 and o.
26
Let y be -5 + 8 - 28*-5. Calculate the greatest common factor of 52 and y.
13
Suppose 0 = -5*o - 4*i + 187, -8*o + 12*o = i + 137. Suppose 0 = -o*j + 39*j - 748. What is the greatest common factor of j and 11?
11
Suppose -a + 4 = 1. Suppose a*p + 10 = 8*p. Suppose 6*v - 4 - p = 0. What is the greatest common factor of v and 1?
1
Let u(z) = -2*z**3 + 28*z**2 - 12*z + 2. Let w be u(13). What is the highest common factor of 16 and w?
8
Let o = -5 + 7. Let i be (o - -1) + -4 + -5. Let k be 4*(i/(-1) - -2). Calculate the greatest common factor of 80 and k.
16
Let i = -16 + 16. Suppose -3*h + 2*g - 7*g + 54 = i, 18 = h + 4*g. What is the greatest common divisor of h and 198?
18
Let w = 247 + -232. Calculate the greatest common divisor of w and 240.
15
Let p be 4/1*6 + 0. Let j = -64 + 77. Suppose 4*t + 19 = c, -3*c + j + 4 = -2*t. What is the greatest common divisor of c and p?
3
Let p(l) = -52*l - 121. Let b be p(-3). What is the highest common divisor of 259 and b?
7
Suppose -4*i - 11 = -v, -11 = -5*v - 0*i - 2*i. Suppose 2 = v*a + 2*u - 181, -3*u + 54 = a. Calculate the highest common factor of 9 and a.
9
Suppose 4*r + x = 30, 6*r - 4*x = 2*r + 20. Suppose -10*j + r*j + 12 = 0. What is the greatest common factor of j and 52?
4
Suppose -7*a = -2*a - 10. Suppose a*i - 6*i = -20. Suppose q + 2*q - d = 230, -i*q + 2*d = -382. What is the highest common divisor of 52 and q?
26
Let t be -66*(-5 - (-14)/2)/(-4). What is the greatest common factor of t and 165?
33
Suppose -24*s + 25*s = -3*h + 174, 4*s = -5*h + 276. Suppose -5*t + 5*b + 46 = -864, -t + 3*b + 186 = 0. Calculate the highest common divisor of h and t.
60
Let f be 118/(-4) + (-30)/(-20). Let g = 82 - f. Calculate the highest common divisor of g and 10.
10
Let b be (0/3 - -1)/((-11)/(-6919)). Suppose 15*z - 3149 = -b. Calculate the highest common divisor of 24 and z.
24
Let w(n) = -n + 23 - 7 + 40 - 2*n. Let g be w(8). What is the highest common divisor of 80 and g?
16
Let w(d) = d**3 + 7*d**2 - 13*d - 24. Let f be w(-8). What is the highest common factor of 304 and f?
16
Let c(t) = 7*t**2 + t. Let g be c(-1). Let m(y) = g*y + 14*y**3 - 2 + 6*y**2 + 6 - 15*y**3. Let r be m(6). Calculate the highest common divisor of 5 and r.
5
Let n be (((-5)/4)/(-1))/((-3)/(-696)). Suppose -5*l = -n + 15. What is the highest common factor of 11 and l?
11
Let v(w) = -11*w**2 - w + 74*w**2 - 1 + 0*w. Let a = -264 - -263. Let l be v(a). Calculate the highest common divisor of 9 and l.
9
Suppose -3*d = -4*f + 2*d - 32, 24 = -3*f - 3*d. Let u(k) = -6*k - 27. Let b be u(f). Calculate the highest common factor of b and 7.
7
Let l be 4/26 + (-121)/26*-12. Calculate the highest common divisor of 42 and l.
14
Suppose v - 4*v + 12 = 0. Let m(l) = 2*l - 12. Let n = -92 + 103. Let w be m(n). Calculate the highest common factor of w and v.
2
Suppose 23*o + 336 = 35*o. What is the greatest common factor of o and 16?
4
Suppose 0 = 2*a + 3*a - 720. Suppose 0 = -6*h + 8*h - a. What is the highest common factor of h and 36?
36
Suppose -2*v - 112 = -1360. Calculate the highest common factor of 8 and v.
8
Let w be 64/14 + 4/(-7). Let b be 